{"id":2229,"date":"2013-05-21T17:47:17","date_gmt":"2013-05-21T20:47:17","guid":{"rendered":"http:\/\/sheilahughmackay.com\/shmf\/?page_id=2229"},"modified":"2016-02-29T16:23:00","modified_gmt":"2016-02-29T20:23:00","slug":"jack-weldon-humphrey-forum","status":"publish","type":"page","link":"https:\/\/sheilahughmackay.ca\/fr\/defense-des-arts\/projets-de-defense\/lest-de-la-saint-jean-2013\/","title":{"rendered":"A l\u2019Est de L\u00e0 : Saint-Jean 2013"},"content":{"rendered":"<p><\/p>\n<h2>A l\u2019Est de L\u00e0<\/h2>\n<p><div id=\"attachment_4621\" style=\"width: 310px\" class=\"wp-caption alignleft\"><a href=\"http:\/\/sheilahughmackay.ca\/\/wp-content\/uploads\/2016\/02\/SJ-Map.jpg\" rel=\"attachment wp-att-4621\"><img aria-describedby=\"caption-attachment-4621\" loading=\"lazy\" src=\"http:\/\/sheilahughmackay.ca\/\/wp-content\/uploads\/2016\/02\/SJ-Map-300x184.jpg\" alt=\"A l\u2019Est de L\u00e0 : Saint-Jean 2013\" width=\"300\" height=\"184\" class=\"size-medium wp-image-4621\" srcset=\"https:\/\/sheilahughmackay.ca\/wp-content\/uploads\/2016\/02\/SJ-Map-300x184.jpg 300w, https:\/\/sheilahughmackay.ca\/wp-content\/uploads\/2016\/02\/SJ-Map.jpg 768w\" sizes=\"(max-width: 300px) 100vw, 300px\" \/><\/a><p id=\"caption-attachment-4621\" class=\"wp-caption-text\">A l\u2019Est de L\u00e0 : Saint-Jean 2013<\/p><\/div>&#8211; une conf\u00e9rence collaborative et bilingue tenue par l\u2019Atlantic Provinces Art Gallery Association (APAGA), l\u2019Association des centres d\u2019artistes autog\u00e9r\u00e9s de la r\u00e9gion atlantique (ACAARA), et, de port\u00e9e nationale, Artist-Run Centres and Collectives Conference \/ Conf\u00e9rence des collectivit\u00e9s et des centres d\u2019artistes autog\u00e9r\u00e9s (ARCCC-CCCAA), et l\u2019Association des groupes en arts visuels francophones (AGAVF). Les repr\u00e9sentants de plus de 30 galeries et centres auto-g\u00e9r\u00e9s d\u2019artistes, des quatre provinces de l\u2019Atlantique, ont \u00e9change\u00e9 des renseignements et ont discut\u00e9 des affaires en commun.<\/p>\n<p>La Fondation Sheila Hugh Mackay \u00e9tait fi\u00e8re de travailler en partenariat avec les leaders de l&#8217;art du Canada atlantique dans la promotion de l\u2019esprit de collaboration du Canada atlantique. C&#8217;\u00e9tait un plaisir particulier \u00e0 pr\u00e9senter le gala Strathbutler en conjonction avec ce rassemblement de dirigeants d&#8217;art canadien de l&#8217;Atlantique<\/p>\n<p>Selon Robin Metcalfe, le pr\u00e9sidant de l\u2019APAGA 2013\u00a0\u00ab \u00c0 l&#8217;Est de l\u00e0 \/ East of There sera une occasion exceptionelle pour des organisations dans les arts visuels de toute la r\u00e9gion de l\u2019Atlantique, et r\u00e9unira des parties prenantes dans le secteur pour exprimer et examiner leurs exp\u00e9riences de la r\u00e9gionalit\u00e9. La conversation \u00e9panouira pour comprendre, non seulement des repr\u00e9sentants des quatres provinces, mais aussi des invit\u00e9s du Qu\u00e9bec, de l\u2019Ontario, du Manitoba, et autres, et une diversit\u00e9 d\u2019institutions ci inclus les centres d\u2019artistes autog\u00e9r\u00e9s, des centres d\u2019art communautaires, des galeries universitaires et municipales, et des institutions provinciales et f\u00e9d\u00e9rales. Les pr\u00e9sentations et discussions seront interpret\u00e9es simultan\u00e9ment dans les deux langues officiales, avec l\u2019appui du fondation Sheila Hugh Mackay, de l\u2019AGAPA, de l\u2019ARCA et de l\u2019 Association des groupes en arts visuels francophones (AGAFV).\u00bb<\/p>\n<p><strong>Points saillants de la conf\u00e9rence:<\/strong><\/p>\n<p>AACCC-CCCAA Forum sur l\u2019\u00e9dition ind\u00e8pendante-<\/p>\n<p>Forum Jack Weldon Humphrey : Situation r\u00e9gionale de l\u2019offre d\u2019art au Canada atlantique<\/p>\n<p>Exposition du Mus\u00e9e d \u201c Jack Weldon Humphrey\u201d avec une pr\u00e9sentation par Peter Laroque<\/p>\n<p>Strathbutler Gala<\/p>\n<p>Prendre en mains le changement au Conseil des Arts du Canada \u2013 Sylvie Gilbert<\/p>\n<p>Atelier E-Artext , le depot num\u00e9rique en libre acces consacr\u00e9 \u00e0 la documentation des arts visuels au Canada &#8211; Corina MacDonald<\/p>\n<p>John McAvity -Association des mus\u00e9es canadiens \u2013 Le financement et les questions du politique<\/p>\n<p>Tourn\u00e9e des galleries et des ateliers de Saint John<\/p>\n<p>Assembl\u00e9e g\u00e9n\u00e9rale annuelle: APAGA \/ l\u2019ARCCC_CCCAA\/ arca<\/p>\n<p><strong>Horaire complet\u00a0<\/strong>(PDF): <a class=\"download\" title=\"T\u00e9l\u00e9charger PDF\" href=\"http:\/\/sheilahughmackay.ca\/\/wp-content\/uploads\/resources\/East_of_There_Program_for_web.pdf\">Download<\/a><\/p>\n<p><strong>Form d&#8217;enregistrement<\/strong> (PDF): <a class=\"download\" title=\"T\u00e9l\u00e9charger PDF\" href=\"http:\/\/sheilahughmackay.ca\/\/wp-content\/uploads\/applications\/SHMF_Humphrey_Forum_Registration.pdf\">T\u00e9l\u00e9charger<\/a><\/p>\n<p><strong>Invitation<\/strong> (PDF): <a class=\"download\" title=\"T\u00e9l\u00e9charger PDF\" href=\"http:\/\/sheilahughmackay.ca\/\/wp-content\/uploads\/resources\/SHMF_Humphrey_Invite_French.pdf\">T\u00e9l\u00e9charger<\/a><\/p>\n<p><a title=\"Aller \u00e0 le site de arccc-cccaa\" href=\"http:\/\/www.arccc-cccaa.org\/fr\/vedette\/un-forum-sur-lecriture-et-ledition-independante-en-arts-visuels\/\">Infos sur l\u2019Est de l\u00e0 \u00e0 arca<\/a><\/p>","protected":false},"excerpt":{"rendered":"<p>A l\u2019Est de L\u00e0 &#8211; une conf\u00e9rence collaborative et bilingue tenue par l\u2019Atlantic Provinces Art Gallery Association (APAGA), l\u2019Association des centres d\u2019artistes autog\u00e9r\u00e9s de la r\u00e9gion atlantique (ACAARA), et, de port\u00e9e nationale, Artist-Run Centres and Collectives Conference \/ Conf\u00e9rence des collectivit\u00e9s et des centres d\u2019artistes autog\u00e9r\u00e9s (ARCCC-CCCAA), et l\u2019Association des groupes en arts visuels francophones<a href=\"https:\/\/sheilahughmackay.ca\/fr\/defense-des-arts\/projets-de-defense\/lest-de-la-saint-jean-2013\/\">[&#8230;]<\/a><\/p>\n","protected":false},"author":1,"featured_media":0,"parent":700,"menu_order":1,"comment_status":"closed","ping_status":"closed","template":"","meta":[],"_links":{"self":[{"href":"https:\/\/sheilahughmackay.ca\/fr\/wp-json\/wp\/v2\/pages\/2229"}],"collection":[{"href":"https:\/\/sheilahughmackay.ca\/fr\/wp-json\/wp\/v2\/pages"}],"about":[{"href":"https:\/\/sheilahughmackay.ca\/fr\/wp-json\/wp\/v2\/types\/page"}],"author":[{"embeddable":true,"href":"https:\/\/sheilahughmackay.ca\/fr\/wp-json\/wp\/v2\/users\/1"}],"replies":[{"embeddable":true,"href":"https:\/\/sheilahughmackay.ca\/fr\/wp-json\/wp\/v2\/comments?post=2229"}],"version-history":[{"count":2,"href":"https:\/\/sheilahughmackay.ca\/fr\/wp-json\/wp\/v2\/pages\/2229\/revisions"}],"predecessor-version":[{"id":4637,"href":"https:\/\/sheilahughmackay.ca\/fr\/wp-json\/wp\/v2\/pages\/2229\/revisions\/4637"}],"up":[{"embeddable":true,"href":"https:\/\/sheilahughmackay.ca\/fr\/wp-json\/wp\/v2\/pages\/700"}],"wp:attachment":[{"href":"https:\/\/sheilahughmackay.ca\/fr\/wp-json\/wp\/v2\/media?parent=2229"}],"curies":[{"name":"wp","href":"https:\/\/api.w.org\/{rel}","templated":true}]}}

A l’Est de Là : Saint-Jean 2013

<p></p>
<h2>A l’Est de Là</h2>
<p><div id="attachment_4621" style="width: 310px" class="wp-caption alignleft"><a href="http://sheilahughmackay.ca//wp-content/uploads/2016/02/SJ-Map.jpg" rel="attachment wp-att-4621"><img aria-describedby="caption-attachment-4621" loading="lazy" src="http://sheilahughmackay.ca//wp-content/uploads/2016/02/SJ-Map-300x184.jpg" alt="A l’Est de Là : Saint-Jean 2013" width="300" height="184" class="size-medium wp-image-4621" srcset="https://sheilahughmackay.ca/wp-content/uploads/2016/02/SJ-Map-300x184.jpg 300w, https://sheilahughmackay.ca/wp-content/uploads/2016/02/SJ-Map.jpg 768w" sizes="(max-width: 300px) 100vw, 300px" /></a><p id="caption-attachment-4621" class="wp-caption-text">A l’Est de Là : Saint-Jean 2013</p></div>&#8211; une conférence collaborative et bilingue tenue par l’Atlantic Provinces Art Gallery Association (APAGA), l’Association des centres d’artistes autogérés de la région atlantique (ACAARA), et, de portée nationale, Artist-Run Centres and Collectives Conference / Conférence des collectivités et des centres d’artistes autogérés (ARCCC-CCCAA), et l’Association des groupes en arts visuels francophones (AGAVF). Les représentants de plus de 30 galeries et centres auto-gérés d’artistes, des quatre provinces de l’Atlantique, ont échangeé des renseignements et ont discuté des affaires en commun.</p>
<p>La Fondation Sheila Hugh Mackay était fière de travailler en partenariat avec les leaders de l&#8217;art du Canada atlantique dans la promotion de l’esprit de collaboration du Canada atlantique. C&#8217;était un plaisir particulier à présenter le gala Strathbutler en conjonction avec ce rassemblement de dirigeants d&#8217;art canadien de l&#8217;Atlantique</p>
<p>Selon Robin Metcalfe, le présidant de l’APAGA 2013 « À l&#8217;Est de là / East of There sera une occasion exceptionelle pour des organisations dans les arts visuels de toute la région de l’Atlantique, et réunira des parties prenantes dans le secteur pour exprimer et examiner leurs expériences de la régionalité. La conversation épanouira pour comprendre, non seulement des représentants des quatres provinces, mais aussi des invités du Québec, de l’Ontario, du Manitoba, et autres, et une diversité d’institutions ci inclus les centres d’artistes autogérés, des centres d’art communautaires, des galeries universitaires et municipales, et des institutions provinciales et fédérales. Les présentations et discussions seront interpretées simultanément dans les deux langues officiales, avec l’appui du fondation Sheila Hugh Mackay, de l’AGAPA, de l’ARCA et de l’ Association des groupes en arts visuels francophones (AGAFV).»</p>
<p><strong>Points saillants de la conférence:</strong></p>
<p>AACCC-CCCAA Forum sur l’édition indèpendante-</p>
<p>Forum Jack Weldon Humphrey : Situation régionale de l’offre d’art au Canada atlantique</p>
<p>Exposition du Musée d “ Jack Weldon Humphrey” avec une présentation par Peter Laroque</p>
<p>Strathbutler Gala</p>
<p>Prendre en mains le changement au Conseil des Arts du Canada – Sylvie Gilbert</p>
<p>Atelier E-Artext , le depot numérique en libre acces consacré à la documentation des arts visuels au Canada &#8211; Corina MacDonald</p>
<p>John McAvity -Association des musées canadiens – Le financement et les questions du politique</p>
<p>Tournée des galleries et des ateliers de Saint John</p>
<p>Assemblée générale annuelle: APAGA / l’ARCCC_CCCAA/ arca</p>
<p><strong>Horaire complet </strong>(PDF): <a class="download" title="Télécharger PDF" href="http://sheilahughmackay.ca//wp-content/uploads/resources/East_of_There_Program_for_web.pdf">Download</a></p>
<p><strong>Form d&#8217;enregistrement</strong> (PDF): <a class="download" title="Télécharger PDF" href="http://sheilahughmackay.ca//wp-content/uploads/applications/SHMF_Humphrey_Forum_Registration.pdf">Télécharger</a></p>
<p><strong>Invitation</strong> (PDF): <a class="download" title="Télécharger PDF" href="http://sheilahughmackay.ca//wp-content/uploads/resources/SHMF_Humphrey_Invite_French.pdf">Télécharger</a></p>
<p><a title="Aller à le site de arccc-cccaa" href="http://www.arccc-cccaa.org/fr/vedette/un-forum-sur-lecriture-et-ledition-independante-en-arts-visuels/">Infos sur l’Est de là à arca</a></p>

<p>A l’Est de Là &#8211; une conférence collaborative et bilingue tenue par l’Atlantic Provinces Art Gallery Association (APAGA), l’Association des centres d’artistes autogérés de la région atlantique (ACAARA), et, de portée nationale, Artist-Run Centres and Collectives Conference / Conférence des collectivités et des centres d’artistes autogérés (ARCCC-CCCAA), et l’Association des groupes en arts visuels francophones<a href="https://sheilahughmackay.ca/fr/defense-des-arts/projets-de-defense/lest-de-la-saint-jean-2013/">[&#8230;]</a></p>
