{"id":2579,"date":"2014-01-20T22:19:13","date_gmt":"2014-01-21T02:19:13","guid":{"rendered":"http:\/\/sheilahughmackay.com\/shmf\/?page_id=2579"},"modified":"2016-02-29T16:06:47","modified_gmt":"2016-02-29T20:06:47","slug":"jack-weldon-humphrey-forum-2","status":"publish","type":"page","link":"https:\/\/sheilahughmackay.ca\/fr\/defense-des-arts\/projets-de-defense\/forum-jack-weldon-humphrey-2013\/","title":{"rendered":"Forum Jack Weldon Humphrey 2013"},"content":{"rendered":"<p><\/p>\n<h2>Nomm\u00e9 en l\u2019honneur du peintre de Saint John Jack Weldon Humphrey,<\/h2>\n<p><a href=\"http:\/\/sheilahughmackay.ca\/\/wp-content\/uploads\/2016\/02\/humphrey-portrait-fr.jpg\" rel=\"attachment wp-att-4627\"><img loading=\"lazy\" src=\"http:\/\/sheilahughmackay.ca\/\/wp-content\/uploads\/2016\/02\/humphrey-portrait-fr-300x290.jpg\" alt=\"humphrey-portrait-fr\" width=\"300\" height=\"290\" class=\"alignleft size-medium wp-image-4627\" srcset=\"https:\/\/sheilahughmackay.ca\/wp-content\/uploads\/2016\/02\/humphrey-portrait-fr-300x290.jpg 300w, https:\/\/sheilahughmackay.ca\/wp-content\/uploads\/2016\/02\/humphrey-portrait-fr.jpg 360w\" sizes=\"(max-width: 300px) 100vw, 300px\" \/><\/a>&#8211; ce forum poursuit le dialogue national que Humphreya aid\u00e9 \u00e0 lancer dans les ann\u00e9es 1940 sur l\u2019art visuel au Canada. Le premiere s\u00e9ance examine la situation r\u00e9gionale de l\u2019offre d\u2019art au Canada atlantique. Dans l\u2019apres-midi, r\u00e9dacteur du Salon, Mike Landry pr\u00e9sidera une discussion \u00e0 grande port\u00e9e sur la nature de l\u2019art contemporain au Canada. Un groupe d\u2019experts bien connus \u00e0 l\u2019\u00e9chelle du pays r\u00e9agira \u00e0 ce qu\u2019avance M. Landry : \u00ab Apr\u00e8s 40 ann\u00e9es, la grande promesse du r\u00e9gionalisme qui visait \u00e0 nous faire d\u00e9couvrir le Canada \u00e0 partir d\u2019une pl\u00e9iade d\u2019identit\u00e9s limit\u00e9es n\u2019a pas \u00e9t\u00e9 tenue. Traiter quelqu\u2019un d\u2019artiste r\u00e9gional est presque une insulte maintenant, qui laisse entendre l\u2019incapacit\u00e9 \u00e0 sortir du contexte g\u00e9ographique. Qu\u2019est-ce qui a si mal tourn\u00e9? Est-ce le moment de repartir \u00e0 neuf? Est-ce que le r\u00e9gionalisme renferme encore le secret de ce qu\u2019on appelle l\u2019art canadien? \u00bb<\/p>\n<p>Experts invit\u00e9s : L\u00e9opold L. Foulem, J.J. Kegan McFadden, Amish Morrell et Anne Bertrand<\/p>\n<p>&nbsp;<\/p>","protected":false},"excerpt":{"rendered":"<p>Nomm\u00e9 en l\u2019honneur du peintre de Saint John Jack Weldon Humphrey, &#8211; ce forum poursuit le dialogue national que Humphreya aid\u00e9 \u00e0 lancer dans les ann\u00e9es 1940 sur l\u2019art visuel au Canada. Le premiere s\u00e9ance examine la situation r\u00e9gionale de l\u2019offre d\u2019art au Canada atlantique. Dans l\u2019apres-midi, r\u00e9dacteur du Salon, Mike Landry pr\u00e9sidera une discussion<a href=\"https:\/\/sheilahughmackay.ca\/fr\/defense-des-arts\/projets-de-defense\/forum-jack-weldon-humphrey-2013\/\">[&#8230;]<\/a><\/p>\n","protected":false},"author":1,"featured_media":0,"parent":700,"menu_order":0,"comment_status":"closed","ping_status":"closed","template":"","meta":[],"_links":{"self":[{"href":"https:\/\/sheilahughmackay.ca\/fr\/wp-json\/wp\/v2\/pages\/2579"}],"collection":[{"href":"https:\/\/sheilahughmackay.ca\/fr\/wp-json\/wp\/v2\/pages"}],"about":[{"href":"https:\/\/sheilahughmackay.ca\/fr\/wp-json\/wp\/v2\/types\/page"}],"author":[{"embeddable":true,"href":"https:\/\/sheilahughmackay.ca\/fr\/wp-json\/wp\/v2\/users\/1"}],"replies":[{"embeddable":true,"href":"https:\/\/sheilahughmackay.ca\/fr\/wp-json\/wp\/v2\/comments?post=2579"}],"version-history":[{"count":1,"href":"https:\/\/sheilahughmackay.ca\/fr\/wp-json\/wp\/v2\/pages\/2579\/revisions"}],"predecessor-version":[{"id":4630,"href":"https:\/\/sheilahughmackay.ca\/fr\/wp-json\/wp\/v2\/pages\/2579\/revisions\/4630"}],"up":[{"embeddable":true,"href":"https:\/\/sheilahughmackay.ca\/fr\/wp-json\/wp\/v2\/pages\/700"}],"wp:attachment":[{"href":"https:\/\/sheilahughmackay.ca\/fr\/wp-json\/wp\/v2\/media?parent=2579"}],"curies":[{"name":"wp","href":"https:\/\/api.w.org\/{rel}","templated":true}]}}

<p></p>
<h2>Nommé en l’honneur du peintre de Saint John Jack Weldon Humphrey,</h2>
<p><a href="http://sheilahughmackay.ca//wp-content/uploads/2016/02/humphrey-portrait-fr.jpg" rel="attachment wp-att-4627"><img loading="lazy" src="http://sheilahughmackay.ca//wp-content/uploads/2016/02/humphrey-portrait-fr-300x290.jpg" alt="humphrey-portrait-fr" width="300" height="290" class="alignleft size-medium wp-image-4627" srcset="https://sheilahughmackay.ca/wp-content/uploads/2016/02/humphrey-portrait-fr-300x290.jpg 300w, https://sheilahughmackay.ca/wp-content/uploads/2016/02/humphrey-portrait-fr.jpg 360w" sizes="(max-width: 300px) 100vw, 300px" /></a>&#8211; ce forum poursuit le dialogue national que Humphreya aidé à lancer dans les années 1940 sur l’art visuel au Canada. Le premiere séance examine la situation régionale de l’offre d’art au Canada atlantique. Dans l’apres-midi, rédacteur du Salon, Mike Landry présidera une discussion à grande portée sur la nature de l’art contemporain au Canada. Un groupe d’experts bien connus à l’échelle du pays réagira à ce qu’avance M. Landry : « Après 40 années, la grande promesse du régionalisme qui visait à nous faire découvrir le Canada à partir d’une pléiade d’identités limitées n’a pas été tenue. Traiter quelqu’un d’artiste régional est presque une insulte maintenant, qui laisse entendre l’incapacité à sortir du contexte géographique. Qu’est-ce qui a si mal tourné? Est-ce le moment de repartir à neuf? Est-ce que le régionalisme renferme encore le secret de ce qu’on appelle l’art canadien? »</p>
<p>Experts invités : Léopold L. Foulem, J.J. Kegan McFadden, Amish Morrell et Anne Bertrand</p>
<p>&nbsp;</p>

<p>Nommé en l’honneur du peintre de Saint John Jack Weldon Humphrey, &#8211; ce forum poursuit le dialogue national que Humphreya aidé à lancer dans les années 1940 sur l’art visuel au Canada. Le premiere séance examine la situation régionale de l’offre d’art au Canada atlantique. Dans l’apres-midi, rédacteur du Salon, Mike Landry présidera une discussion<a href="https://sheilahughmackay.ca/fr/defense-des-arts/projets-de-defense/forum-jack-weldon-humphrey-2013/">[&#8230;]</a></p>
