{"id":4028,"date":"2016-01-18T19:00:49","date_gmt":"2016-01-18T23:00:49","guid":{"rendered":"http:\/\/sheilahughmackay.com\/shmf\/?page_id=4028"},"modified":"2016-03-18T18:03:14","modified_gmt":"2016-03-18T21:03:14","slug":"manu-forti","status":"publish","type":"page","link":"https:\/\/sheilahughmackay.ca\/fr\/les-prix\/la-prix-strathbutler\/manu-forti\/","title":{"rendered":"Manu Forti"},"content":{"rendered":"<p><\/p>\n<h2>&#8230; les laur\u00e9ats du prix Strathbutler verront  ainsi leur \u0153uvre symboliquement reconnue par cet objet embl\u00e9matique &#8230;<\/h2>\n<p><div id=\"attachment_4505\" style=\"width: 209px\" class=\"wp-caption alignleft\"><a href=\"http:\/\/sheilahughmackay.ca\/\/wp-content\/uploads\/2010\/11\/4-Strathbutler-Knife-Brgitte-Clavette.jpg\" rel=\"attachment wp-att-4505\"><img aria-describedby=\"caption-attachment-4505\" loading=\"lazy\" src=\"http:\/\/sheilahughmackay.ca\/\/wp-content\/uploads\/2010\/11\/4-Strathbutler-Knife-Brgitte-Clavette-199x300.jpg\" alt=\"4-Strathbutler Knife - Brigitte Clavette\" width=\"199\" height=\"300\" class=\"size-medium wp-image-4505\" srcset=\"https:\/\/sheilahughmackay.ca\/wp-content\/uploads\/2010\/11\/4-Strathbutler-Knife-Brgitte-Clavette-199x300.jpg 199w, https:\/\/sheilahughmackay.ca\/wp-content\/uploads\/2010\/11\/4-Strathbutler-Knife-Brgitte-Clavette.jpg 679w\" sizes=\"(max-width: 199px) 100vw, 199px\" \/><\/a><p id=\"caption-attachment-4505\" class=\"wp-caption-text\">Manu Forti &#8211; Brigitte Clavette<\/p><\/div>En 2015, Le conseil d&#8217;administration de la Fondation Sheila Hugh Mackay a invit\u00e9 les artistes et artisans du Nouveau-Brunswick \u00e0 participer \u00e0 un concours qui a pour but la cr\u00e9ation d&#8217;un objet embl\u00e9matique du prix Strathbutler, une distinction phare de la fondation.  Brigitte Clavette a \u00e9t\u00e9 selectionn\u00e9.  La pr\u00e9sidente du conseil d\u2019administration, Louise Imbeault,  f\u00e9licite Brigitte Clavette, le cr\u00e9atrice  de l\u2019\u0153uvre choisi. Brigitte Clavette, elle-m\u00eame ancienne laur\u00e9ate du prix Strathbutler.  Son \u0153uvre symbolise les id\u00e9aux que repr\u00e9sente le prix Strathbutler tout en \u00e9tant un t\u00e9moignage  de reconnaissce envers la fondatrice des prix, Sheila Mackay.  <\/p>\n<p>Depuis 1991, le prix Strathbutler a r\u00e9compens\u00e9 l&#8217;excellence dans les arts visuels au Nouveau-Brunswick. Il souligne le travail des artistes qui se distinguent dans un large \u00e9ventail de disciplines des arts visuels par leur \u0153uvre artistique \u00e0 valeur patrimoniale et par l\u2019importance de leur contribution au paysage culturel n\u00e9o-brunswickois. En plus de recevoir 25\u00a0000\u00a0$, les laur\u00e9ats du prix Strathbutler verront  ainsi leur \u0153uvre symboliquement reconnue par cet objet embl\u00e9matique qui \u00e9tait d\u00e9voil\u00e9 \u00e0 l\u2019occasion Gala du prix Strathbutler 2015.<\/p>\n<p>Louise Imbeault, pr\u00e9sidente de la Fondation Sheila Hugh Mackay, a indiqu\u00e9 que les commentaires obtenus pendant de r\u00e9centes consultations publiques montraient \u00e0 quel point le prix Strathbutler avait gagn\u00e9 estime et respect dans la province. \u00ab\u00a0Nous tenons \u00e0 offrir ce signe tangible de respect \u00e0 tous les artistes qui ont m\u00e9rit\u00e9 ce prix dans le pass\u00e9 ainsi qu\u2019aux prochains laur\u00e9ats\u00a0\u00bb <\/p>\n\n<h2>Demarche Artistic\u00a0: Brigitte Clavette<\/h2>\n<p>Manu Forti : une main forte, solide, brave et ferme. Telle est la devise du clan Mackay. Cette d\u00e9couverte ne m\u2019a pas \u00e9tonn\u00e9e. Mes souvenirs de Sheila sont ceux d\u2019une femme poss\u00e9dant toutes ces qualit\u00e9s. Il faut dire que j\u2019aimais sa pr\u00e9sence plus grande que nature, son esprit vif, sa franchise et son rire et que j\u2019ai la conviction que ce prix doit \u00eatre repr\u00e9sentatif de Sheila. Il serait dommage qu\u2019un concept abstrait finisse par faire oublier la personne dont la vision et la g\u00e9n\u00e9rosit\u00e9 a rendu possible pour un si grand nombre d\u2019entre nous . En m\u2019inspirant du couteau qui fait partie des armoiries de sa famille pour cr\u00e9er ce design, j\u2019esp\u00e8re honorer la m\u00e9moire de Sheila.  <\/p>\n<p>\u00c0 la fois utilitaire et symbolique, le couteau devient un objet hardi et puissant pour repr\u00e9senter un prix. Je l\u2019ai fabriqu\u00e9 \u00e0 partir de m\u00e9taux non ferreux, de cuivre et d\u2019argent sterling pour que la lame ne soit pas dangereusement tranchante, mais assez d\u00e9finie pour servir d\u2019ouvre-lettre ou \u00e0 de menus travaux. Il symbolise l\u2019engagement soutenu envers l\u2019excellence artistique qu\u2019incarne le prix.<\/p>\n<p><\/p>","protected":false},"excerpt":{"rendered":"<p>&#8230; les laur\u00e9ats du prix Strathbutler verront ainsi leur \u0153uvre symboliquement reconnue par cet objet embl\u00e9matique &#8230; En 2015, Le conseil d&#8217;administration de la Fondation Sheila Hugh Mackay a invit\u00e9 les artistes et artisans du Nouveau-Brunswick \u00e0 participer \u00e0 un concours qui a pour but la cr\u00e9ation d&#8217;un objet embl\u00e9matique du prix Strathbutler, une distinction<a href=\"https:\/\/sheilahughmackay.ca\/fr\/les-prix\/la-prix-strathbutler\/manu-forti\/\">[&#8230;]<\/a><\/p>\n","protected":false},"author":1,"featured_media":0,"parent":27,"menu_order":0,"comment_status":"closed","ping_status":"closed","template":"","meta":[],"_links":{"self":[{"href":"https:\/\/sheilahughmackay.ca\/fr\/wp-json\/wp\/v2\/pages\/4028"}],"collection":[{"href":"https:\/\/sheilahughmackay.ca\/fr\/wp-json\/wp\/v2\/pages"}],"about":[{"href":"https:\/\/sheilahughmackay.ca\/fr\/wp-json\/wp\/v2\/types\/page"}],"author":[{"embeddable":true,"href":"https:\/\/sheilahughmackay.ca\/fr\/wp-json\/wp\/v2\/users\/1"}],"replies":[{"embeddable":true,"href":"https:\/\/sheilahughmackay.ca\/fr\/wp-json\/wp\/v2\/comments?post=4028"}],"version-history":[{"count":6,"href":"https:\/\/sheilahughmackay.ca\/fr\/wp-json\/wp\/v2\/pages\/4028\/revisions"}],"predecessor-version":[{"id":4860,"href":"https:\/\/sheilahughmackay.ca\/fr\/wp-json\/wp\/v2\/pages\/4028\/revisions\/4860"}],"up":[{"embeddable":true,"href":"https:\/\/sheilahughmackay.ca\/fr\/wp-json\/wp\/v2\/pages\/27"}],"wp:attachment":[{"href":"https:\/\/sheilahughmackay.ca\/fr\/wp-json\/wp\/v2\/media?parent=4028"}],"curies":[{"name":"wp","href":"https:\/\/api.w.org\/{rel}","templated":true}]}}

<p></p>
<h2>&#8230; les lauréats du prix Strathbutler verront  ainsi leur œuvre symboliquement reconnue par cet objet emblématique &#8230;</h2>
<p><div id="attachment_4505" style="width: 209px" class="wp-caption alignleft"><a href="http://sheilahughmackay.ca//wp-content/uploads/2010/11/4-Strathbutler-Knife-Brgitte-Clavette.jpg" rel="attachment wp-att-4505"><img aria-describedby="caption-attachment-4505" loading="lazy" src="http://sheilahughmackay.ca//wp-content/uploads/2010/11/4-Strathbutler-Knife-Brgitte-Clavette-199x300.jpg" alt="4-Strathbutler Knife - Brigitte Clavette" width="199" height="300" class="size-medium wp-image-4505" srcset="https://sheilahughmackay.ca/wp-content/uploads/2010/11/4-Strathbutler-Knife-Brgitte-Clavette-199x300.jpg 199w, https://sheilahughmackay.ca/wp-content/uploads/2010/11/4-Strathbutler-Knife-Brgitte-Clavette.jpg 679w" sizes="(max-width: 199px) 100vw, 199px" /></a><p id="caption-attachment-4505" class="wp-caption-text">Manu Forti &#8211; Brigitte Clavette</p></div>En 2015, Le conseil d&#8217;administration de la Fondation Sheila Hugh Mackay a invité les artistes et artisans du Nouveau-Brunswick à participer à un concours qui a pour but la création d&#8217;un objet emblématique du prix Strathbutler, une distinction phare de la fondation.  Brigitte Clavette a été selectionné.  La présidente du conseil d’administration, Louise Imbeault,  félicite Brigitte Clavette, le créatrice  de l’œuvre choisi. Brigitte Clavette, elle-même ancienne lauréate du prix Strathbutler.  Son œuvre symbolise les idéaux que représente le prix Strathbutler tout en étant un témoignage  de reconnaissce envers la fondatrice des prix, Sheila Mackay.  </p>
<p>Depuis 1991, le prix Strathbutler a récompensé l&#8217;excellence dans les arts visuels au Nouveau-Brunswick. Il souligne le travail des artistes qui se distinguent dans un large éventail de disciplines des arts visuels par leur œuvre artistique à valeur patrimoniale et par l’importance de leur contribution au paysage culturel néo-brunswickois. En plus de recevoir 25 000 $, les lauréats du prix Strathbutler verront  ainsi leur œuvre symboliquement reconnue par cet objet emblématique qui était dévoilé à l’occasion Gala du prix Strathbutler 2015.</p>
<p>Louise Imbeault, présidente de la Fondation Sheila Hugh Mackay, a indiqué que les commentaires obtenus pendant de récentes consultations publiques montraient à quel point le prix Strathbutler avait gagné estime et respect dans la province. « Nous tenons à offrir ce signe tangible de respect à tous les artistes qui ont mérité ce prix dans le passé ainsi qu’aux prochains lauréats » </p>

<h2>Demarche Artistic : Brigitte Clavette</h2>
<p>Manu Forti : une main forte, solide, brave et ferme. Telle est la devise du clan Mackay. Cette découverte ne m’a pas étonnée. Mes souvenirs de Sheila sont ceux d’une femme possédant toutes ces qualités. Il faut dire que j’aimais sa présence plus grande que nature, son esprit vif, sa franchise et son rire et que j’ai la conviction que ce prix doit être représentatif de Sheila. Il serait dommage qu’un concept abstrait finisse par faire oublier la personne dont la vision et la générosité a rendu possible pour un si grand nombre d’entre nous . En m’inspirant du couteau qui fait partie des armoiries de sa famille pour créer ce design, j’espère honorer la mémoire de Sheila.  </p>
<p>À la fois utilitaire et symbolique, le couteau devient un objet hardi et puissant pour représenter un prix. Je l’ai fabriqué à partir de métaux non ferreux, de cuivre et d’argent sterling pour que la lame ne soit pas dangereusement tranchante, mais assez définie pour servir d’ouvre-lettre ou à de menus travaux. Il symbolise l’engagement soutenu envers l’excellence artistique qu’incarne le prix.</p>
<p></p>

<p>&#8230; les lauréats du prix Strathbutler verront ainsi leur œuvre symboliquement reconnue par cet objet emblématique &#8230; En 2015, Le conseil d&#8217;administration de la Fondation Sheila Hugh Mackay a invité les artistes et artisans du Nouveau-Brunswick à participer à un concours qui a pour but la création d&#8217;un objet emblématique du prix Strathbutler, une distinction<a href="https://sheilahughmackay.ca/fr/les-prix/la-prix-strathbutler/manu-forti/">[&#8230;]</a></p>
