{"id":6297,"date":"2018-09-25T18:56:41","date_gmt":"2018-09-25T21:56:41","guid":{"rendered":"http:\/\/sheilahughmackay.ca\/shmf\/?page_id=6297"},"modified":"2018-09-25T19:05:14","modified_gmt":"2018-09-25T22:05:14","slug":"canadian-crafts-federation-for-the-2018-national-conference-placemaking","status":"publish","type":"page","link":"https:\/\/sheilahughmackay.ca\/fr\/defense-des-arts\/projets-de-defense\/la-federation-canadienne-des-metiers-dart-pour-creation-despaces\/","title":{"rendered":"La F\u00e9d\u00e9ration canadienne des m\u00e9tiers d&#8217;art pour Cr\u00e9ation d\u2019espaces"},"content":{"rendered":"<p><a href=\"http:\/\/sheilahughmackay.ca\/\/wp-content\/uploads\/2018\/09\/PLACEMAKINGLOGO.png\"><img loading=\"lazy\" src=\"http:\/\/sheilahughmackay.ca\/\/wp-content\/uploads\/2018\/09\/PLACEMAKINGLOGO-300x93.png\" alt=\"\" width=\"300\" height=\"93\" class=\"aligncenter size-medium wp-image-6283\" srcset=\"https:\/\/sheilahughmackay.ca\/wp-content\/uploads\/2018\/09\/PLACEMAKINGLOGO-300x93.png 300w, https:\/\/sheilahughmackay.ca\/wp-content\/uploads\/2018\/09\/PLACEMAKINGLOGO-768x238.png 768w, https:\/\/sheilahughmackay.ca\/wp-content\/uploads\/2018\/09\/PLACEMAKINGLOGO-1024x317.png 1024w\" sizes=\"(max-width: 300px) 100vw, 300px\" \/><\/a><\/p>\n<p><a href=\"http:\/\/sheilahughmackay.ca\/\/wp-content\/uploads\/2018\/09\/Maegen-Black-Headshot.jpg\"><img loading=\"lazy\" src=\"http:\/\/sheilahughmackay.ca\/\/wp-content\/uploads\/2018\/09\/Maegen-Black-Headshot-274x300.jpg\" alt=\"\" width=\"274\" height=\"300\" class=\"alignleft size-medium wp-image-6284\" srcset=\"https:\/\/sheilahughmackay.ca\/wp-content\/uploads\/2018\/09\/Maegen-Black-Headshot-274x300.jpg 274w, https:\/\/sheilahughmackay.ca\/wp-content\/uploads\/2018\/09\/Maegen-Black-Headshot-768x842.jpg 768w, https:\/\/sheilahughmackay.ca\/wp-content\/uploads\/2018\/09\/Maegen-Black-Headshot-934x1024.jpg 934w\" sizes=\"(max-width: 274px) 100vw, 274px\" \/><\/a>La Fondation Sheila Hugh MacKay est fi\u00e8re d&#8217;annoncer l\u2019attribution d\u2019une subvention de 5000 $ \u00e0 la F\u00e9d\u00e9ration canadienne des m\u00e9tiers d&#8217;art (FCMA) pour la tenue de son congr\u00e8s national 2018 sous le th\u00e8me \u00ab Cr\u00e9ation d\u2019espaces \u00bb. Le conseil d&#8217;administration entend utiliser cette subvention pour mettre en valeur la carri\u00e8re des artistes des m\u00e9tiers d&#8217;art du Nouveau-Brunswick, toutes disciplines confondues.<\/p>\n<p>F\u00e9licitations \u00e0 la FCMA pour avoir r\u00e9uni d\u2019excellents conf\u00e9renciers et mis au point des tables rondes et des visites de galeries d&#8217;artisanat en marge du festival Nocturne, un \u00e9v\u00e9nement artistique et culturel prim\u00e9, organis\u00e9 en partenariat avec la conf\u00e9rence nationale du Collectif des Conservateurs Autochtones.<\/p>\n<p>\u00ab La cr\u00e9ation d\u2019espaces consiste \u00e0 r\u00e9inventer l\u2019espace public avec la communaut\u00e9, pour la communaut\u00e9. Et quand il s&#8217;agit d&#8217;animer les lieux publics, personne n\u2019aborde mieux la question que le secteur culturel. \u00bb<br \/>\n\u2014 Alison Murphy, directrice g\u00e9n\u00e9rale de M\u00e9tiers d\u2019art NB<\/p>\n<p>\u00ab La Fondation Sheila Hugh Mackay est un partenaire fantastique pour ce programme. Ses efforts de soutien et son encouragement des nouvelles initiatives et pistes dans le domaine des arts sont l\u2019exemple parfait d\u2019une d\u00e9marche de cr\u00e9ation d\u2019espaces. \u00bb<br \/>\n\u2014 Maegen Black, directrice de la F\u00e9d\u00e9ration canadienne des m\u00e9tiers d&#8217;art<\/p>\n<p>Les artistes int\u00e9ress\u00e9s \u00e0 participer \u00e0 l\u2019\u00e9v\u00e9nement et \u00e0 en savoir plus sur l&#8217;acc\u00e8s \u00e0 cette subvention sont invit\u00e9s \u00e0 communiquer avec Alison Murphy de M\u00e9tiers d\u2019art NB ou avec Maegen Black de la F\u00e9d\u00e9ration canadienne des m\u00e9tiers d&#8217;art. <\/p>\n<div class=\"alignright arts-advo-box\">\n<ul>\n<li>Pour plus d&#8217;informations sur l&#8217;acc\u00e8s \u00e0 ce financement : <a href=\"http:\/\/sheilahughmackay.ca\/\/fr\/defense-des-arts\/\">D\u00e9fense pour les arts<\/a><\/li>\n<li>Pour conna\u00eetre le contenu de la conf\u00e9rence : <a href=\"http:\/\/canadiancraftsfederation.ca\/congres\">canadiancraftsfederation.ca\/congres<\/a><\/li>\n<li>Pour <a href=\"https:\/\/www.facebook.com\/events\/260134384606071\/\">l&#8217;\u00e9v\u00e9nement Facebook<\/a><\/li>\n<li>Pour conna\u00eetre les tarifs de voyage de groupe de M\u00e9tiers d\u2019art NB : <a href=\"http:\/\/craftnb.ca\">craftnb.ca<\/a><\/li>\n<\/ul>\n<\/div>\n<p><\/p>","protected":false},"excerpt":{"rendered":"<p>La Fondation Sheila Hugh MacKay est fi\u00e8re d&#8217;annoncer l\u2019attribution d\u2019une subvention de 5000 $ \u00e0 la F\u00e9d\u00e9ration canadienne des m\u00e9tiers d&#8217;art (FCMA) pour la tenue de son congr\u00e8s national 2018 sous le th\u00e8me \u00ab Cr\u00e9ation d\u2019espaces \u00bb. Le conseil d&#8217;administration entend utiliser cette subvention pour mettre en valeur la carri\u00e8re des artistes des m\u00e9tiers d&#8217;art<a href=\"https:\/\/sheilahughmackay.ca\/fr\/defense-des-arts\/projets-de-defense\/la-federation-canadienne-des-metiers-dart-pour-creation-despaces\/\">[&#8230;]<\/a><\/p>\n","protected":false},"author":1,"featured_media":0,"parent":700,"menu_order":0,"comment_status":"closed","ping_status":"closed","template":"","meta":[],"_links":{"self":[{"href":"https:\/\/sheilahughmackay.ca\/fr\/wp-json\/wp\/v2\/pages\/6297"}],"collection":[{"href":"https:\/\/sheilahughmackay.ca\/fr\/wp-json\/wp\/v2\/pages"}],"about":[{"href":"https:\/\/sheilahughmackay.ca\/fr\/wp-json\/wp\/v2\/types\/page"}],"author":[{"embeddable":true,"href":"https:\/\/sheilahughmackay.ca\/fr\/wp-json\/wp\/v2\/users\/1"}],"replies":[{"embeddable":true,"href":"https:\/\/sheilahughmackay.ca\/fr\/wp-json\/wp\/v2\/comments?post=6297"}],"version-history":[{"count":2,"href":"https:\/\/sheilahughmackay.ca\/fr\/wp-json\/wp\/v2\/pages\/6297\/revisions"}],"predecessor-version":[{"id":6299,"href":"https:\/\/sheilahughmackay.ca\/fr\/wp-json\/wp\/v2\/pages\/6297\/revisions\/6299"}],"up":[{"embeddable":true,"href":"https:\/\/sheilahughmackay.ca\/fr\/wp-json\/wp\/v2\/pages\/700"}],"wp:attachment":[{"href":"https:\/\/sheilahughmackay.ca\/fr\/wp-json\/wp\/v2\/media?parent=6297"}],"curies":[{"name":"wp","href":"https:\/\/api.w.org\/{rel}","templated":true}]}}

La Fédération canadienne des métiers d&#8217;art pour Création d’espaces

<p><a href="http://sheilahughmackay.ca//wp-content/uploads/2018/09/PLACEMAKINGLOGO.png"><img loading="lazy" src="http://sheilahughmackay.ca//wp-content/uploads/2018/09/PLACEMAKINGLOGO-300x93.png" alt="" width="300" height="93" class="aligncenter size-medium wp-image-6283" srcset="https://sheilahughmackay.ca/wp-content/uploads/2018/09/PLACEMAKINGLOGO-300x93.png 300w, https://sheilahughmackay.ca/wp-content/uploads/2018/09/PLACEMAKINGLOGO-768x238.png 768w, https://sheilahughmackay.ca/wp-content/uploads/2018/09/PLACEMAKINGLOGO-1024x317.png 1024w" sizes="(max-width: 300px) 100vw, 300px" /></a></p>
<p><a href="http://sheilahughmackay.ca//wp-content/uploads/2018/09/Maegen-Black-Headshot.jpg"><img loading="lazy" src="http://sheilahughmackay.ca//wp-content/uploads/2018/09/Maegen-Black-Headshot-274x300.jpg" alt="" width="274" height="300" class="alignleft size-medium wp-image-6284" srcset="https://sheilahughmackay.ca/wp-content/uploads/2018/09/Maegen-Black-Headshot-274x300.jpg 274w, https://sheilahughmackay.ca/wp-content/uploads/2018/09/Maegen-Black-Headshot-768x842.jpg 768w, https://sheilahughmackay.ca/wp-content/uploads/2018/09/Maegen-Black-Headshot-934x1024.jpg 934w" sizes="(max-width: 274px) 100vw, 274px" /></a>La Fondation Sheila Hugh MacKay est fière d&#8217;annoncer l’attribution d’une subvention de 5000 $ à la Fédération canadienne des métiers d&#8217;art (FCMA) pour la tenue de son congrès national 2018 sous le thème « Création d’espaces ». Le conseil d&#8217;administration entend utiliser cette subvention pour mettre en valeur la carrière des artistes des métiers d&#8217;art du Nouveau-Brunswick, toutes disciplines confondues.</p>
<p>Félicitations à la FCMA pour avoir réuni d’excellents conférenciers et mis au point des tables rondes et des visites de galeries d&#8217;artisanat en marge du festival Nocturne, un événement artistique et culturel primé, organisé en partenariat avec la conférence nationale du Collectif des Conservateurs Autochtones.</p>
<p>« La création d’espaces consiste à réinventer l’espace public avec la communauté, pour la communauté. Et quand il s&#8217;agit d&#8217;animer les lieux publics, personne n’aborde mieux la question que le secteur culturel. »<br />
— Alison Murphy, directrice générale de Métiers d’art NB</p>
<p>« La Fondation Sheila Hugh Mackay est un partenaire fantastique pour ce programme. Ses efforts de soutien et son encouragement des nouvelles initiatives et pistes dans le domaine des arts sont l’exemple parfait d’une démarche de création d’espaces. »<br />
— Maegen Black, directrice de la Fédération canadienne des métiers d&#8217;art</p>
<p>Les artistes intéressés à participer à l’événement et à en savoir plus sur l&#8217;accès à cette subvention sont invités à communiquer avec Alison Murphy de Métiers d’art NB ou avec Maegen Black de la Fédération canadienne des métiers d&#8217;art. </p>
<div class="alignright arts-advo-box">
<ul>
<li>Pour plus d&#8217;informations sur l&#8217;accès à ce financement : <a href="http://sheilahughmackay.ca//fr/defense-des-arts/">Défense pour les arts</a></li>
<li>Pour connaître le contenu de la conférence : <a href="http://canadiancraftsfederation.ca/congres">canadiancraftsfederation.ca/congres</a></li>
<li>Pour <a href="https://www.facebook.com/events/260134384606071/">l&#8217;événement Facebook</a></li>
<li>Pour connaître les tarifs de voyage de groupe de Métiers d’art NB : <a href="http://craftnb.ca">craftnb.ca</a></li>
</ul>
</div>
<p></p>

<p>La Fondation Sheila Hugh MacKay est fière d&#8217;annoncer l’attribution d’une subvention de 5000 $ à la Fédération canadienne des métiers d&#8217;art (FCMA) pour la tenue de son congrès national 2018 sous le thème « Création d’espaces ». Le conseil d&#8217;administration entend utiliser cette subvention pour mettre en valeur la carrière des artistes des métiers d&#8217;art<a href="https://sheilahughmackay.ca/fr/defense-des-arts/projets-de-defense/la-federation-canadienne-des-metiers-dart-pour-creation-despaces/">[&#8230;]</a></p>
